6)/6)*j/(-54)?
12
Suppose 2*o - 6 + 2 = 0. Suppose 9*b = 5*s + 4*b - 115, o*s + 2*b - 38 = 0. Suppose 169*z - 1845 - 14 = 0. Calculate the remainder when s is divided by z.
10
Suppose -67*g + 165*g - 98362 = 81*g. What is the remainder when g is divided by 9?
8
What is the remainder when 2179 is divided by (17/(816/(-504)))/(2/(-4))?
16
Suppose 4*m - 149 = -w, -4*w - 4*m + 7*m + 653 = 0. What is the remainder when w is divided by 12 + -23 + 1 + (-204)/(-4)?
38
Suppose -3*q = -y - 288, -2*q = -y + 24 - 217. Calculate the remainder when q is divided by 26.
17
Let n = 179 + -79. Let g(d) = -5*d**2 + 169*d + 69. What is the remainder when n is divided by g(34)?
30
Suppose 9 - 309 = 15*j. Calculate the remainder when 2 + (-38812)/(-32) - j/160 is divided by 87.
84
Let y be 1 + 2/3*9. Suppose 0 = 3*d - y*d + 104. Let z = -3 + d. Calculate the remainder when 62 is divided by z.
16
Calculate the remainder when 791 is divided by ((-25)/(-2))/(5/3720*12).
16
Let n(m) = 16*m**2 - 12*m + 35. Let h be n(3). Suppose -h*p + 174 = -140*p. Calculate the remainder when 226 is divided by p.
52
Suppose 8*c + 12 = 14*c. Suppose 0 = -c*g + 51 + 3. What is the remainder when 73 is divided by g?
19
Suppose g + 4*v = 42, 5*g + 0*g = -v + 153. Let o = g + 15. Let b = o - 16. Calculate the remainder when b is divided by 4.
1
Let x = 2270 - 2238. Suppose -44 = -0*u + 2*u. Let a = u + x. Calculate the remainder when a is divided by 4.
2
Suppose -266*x + 194*x + 30960 = 0. Suppose 3*k + 5*h - 46 = 0, k - h - 4*h = 2. What is the remainder when x is divided by k?
10
Suppose -6*j + j - 60 = 4*g, -4*g = -5*j + 100. Calculate the remainder when ((-95)/g)/(10/400) is divided by 24.
22
Suppose 0 = y - 99 - 0. Suppose h = 4*h - y. Suppose -9*o = 24*o - 5097 - 249. What is the remainder when o is divided by h?
30
Let q be ((-6)/4)/(7/(-28)*3). Calculate the remainder when 30/18*-3 - 66*-1 is divided by (1 + (-3)/q)*(-230)/5.
15
Suppose 17*r = -6*r + 805. What is the remainder when 1/((-2)/(-500)*2) is divided by r?
20
Suppose 3*y = -9, 16*u + 2*y + 1424 = 18*u. Calculate the remainder when u is divided by 110.
49
Suppose 0 = 4*y - s - 10, 9*y - 8*y + 2*s = 7. Let j(k) = 7*k**2 - 14*k. Calculate the remainder when j(y) is divided by 12.
9
Suppose -9*i = -8*i - 1. Suppose 2 = -f - i. Calculate the remainder when 330/f*(21/(-6) - -3) is divided by 19.
17
Let l be ((-7)/(-3) - 1)/(8/12). Let h be (0 - -5)/(5/l). Suppose -z - 3*t + 16 - 5 = 0, t - h = 0. What is the remainder when 18 is divided by z?
3
Let h = -7 - -5. Let d be (-11 - (11 + (-405)/18))*(0 + -6). Calculate the remainder when -3 - 1 - h/d*-42 is divided by 11.
2
Let x(t) = t**3 + 3*t**2 - 39*t + 99. Calculate the remainder when x(13) is divided by 115.
111
Let q(x) = 2 - 2*x + 4 - 9 + 2. Let f be q(-4). Suppose 3*z + 2*o - 212 = 0, -3*o - 277 = 3*z - f*z. Calculate the remainder when z is divided by 6.
4
Let g be (-19)/((-2)/16*1). Suppose -g = -l - 3*l. Suppose -311 = -29*r + 8. Calculate the remainder when l is divided by r.
5
Suppose 2*d - 15*y + 16*y - 2216 = 0, d = -7*y + 1069. What is the remainder when d is divided by 140?
131
Let t(d) = -3*d**2 + 18*d + 2. Let z be t(6). Let s(r) = -11*r + 21 + 32 - 18 - r**z. Calculate the remainder when 41 is divided by s(-13).
5
Suppose -k - 108 = -4*k. Suppose 0 = -b + 4*q + k, b + q = -2*q + 29. Suppose 4*t - b = 52. Calculate the remainder when 81 is divided by t.
18
Suppose -k + 82 - 40 = -257. Calculate the remainder when 1212 is divided by k.
16
Suppose -2*m + 80 = 2*m. Let s(t) = t**3 - 12*t**2 + 18*t + 18. Let a be s(7). Let c = 113 + a. What is the remainder when m is divided by c?
8
Let v = 941 - 841. Calculate the remainder when v is divided by 22.
12
Suppose -2*l = l + 7*l. Suppose 20*m + 7*m - 891 = l. What is the remainder when 96 is divided by m?
30
Suppose -2*v + 7*v - 44 - 11 = 5*o, 2*o = 0. Let t(b) = -4*b + 3*b + 5*b**2 + 0 - b**3 + 6 + 2*b**2. Calculate the remainder when t(5) is divided by v.
7
Let v = 359 + -359. Suppose v = 24*r + 15*r - 5928. What is the remainder when r is divided by 14?
12
Let y be (-168)/81 + (-10)/(-135). Let o(a) = -a**2 + 9*a + 2. Calculate the remainder when o(5) is divided by y*((-8)/(-36) - 114/27).
6
Suppose 86*c + 55*c = 30033. Calculate the remainder when c is divided by 17.
9
Let d = -1205 - -1230. What is the remainder when 1533 is divided by d?
8
Suppose 0 = 4*u + 5*h - 94, 10916*u - 3*h - 14 = 10914*u. Suppose 6*b - 609 = -5*v + 4*b, -111 = -v - 4*b. What is the remainder when v is divided by u?
11
Let g(s) = s**3 + 14*s**2 + 31*s + 133. Calculate the remainder when g(-12) is divided by 23.
3
Let h = 21 + -7. Suppose -y + 113 = -7377*q + 7380*q, -2*y - 8 = 0. What is the remainder when q is divided by h?
11
Suppose -r = -0*r. Suppose -g - 29 - 4 = r. Calculate the remainder when 96 is divided by -2 - (1 - 0) - -3 - g.
30
Let n = 19025 - 15933. What is the remainder when n is divided by 91?
89
Let r = -76 + 79. Suppose -c + 3*k = -13, 0*k - k + 29 = r*c. Suppose 2*l - l - 26 = 0. Calculate the remainder when l is divided by c.
6
Let c = 506 - 501. Suppose -2*s = 5*x - 188, c*x - 176 = -s + 2*s. What is the remainder when 245 is divided by x?
29
Let k = -3 + 3. Calculate the remainder when 716/18 - 2/(-9) is divided by k + 13 + 3 + -5.
7
Let z(q) = 3428*q - 18347. What is the remainder when z(16) is divided by 26?
23
Suppose 560 = -10*n + 20*n. Suppose n - 344 = -18*c. What is the remainder when 57 is divided by c?
9
Let k be (11 + 29)/(6/12). Suppose 8*g = k + 56. Calculate the remainder when 4/8 - (-129)/2 is divided by g.
14
Let p = -2056 + 3818. What is the remainder when p is divided by 14?
12
Let v be 350/15*(-24)/(-28). Suppose 0 = 2*r + 4*o - 465 - 113, 0 = 4*o - v. Calculate the remainder when r is divided by 47.
44
Let i(o) = 4*o - 24. Let d be i(7). Let f(c) = 15*c**2 - d*c**2 - 13 - 7*c**2 + 3*c - 3*c**2. Calculate the remainder when f(6) is divided by 11.
8
Suppose -2*z + z = g + 56, 4*z - 8 = 0. Let o = g - -96. Let d = o - -44. What is the remainder when d is divided by 29?
24
Let m(d) = d**2 - 24*d + 142. Let o be m(10). Suppose -o*t - 7*i + 5*i + 58 = 0, 0 = 4*i. What is the remainder when 461 is divided by t?
26
Suppose -55*b - 57*b + 30*b = -97826. Calculate the remainder when b is divided by 1181.
12
Let n = -2270 + 5104. Suppose -5*p + 2*k = -2979, -5*k = -5*p + n + 136. What is the remainder when p is divided by 60?
57
Suppose -20*v - 2*v = 220. Let h = 2 - v. Calculate the remainder when 585 is divided by h.
9
Let r = -66 + 86. Suppose 17 = 4*t + 1. Suppose 2*d - d - 5*z - 34 = 0, 3*z = t*d - 136. What is the remainder when d is divided by r?
14
Suppose 18*k - k - 64 = 13*k. Let p be 2 - -2*1 - -1. Suppose -p*z - 88 = -2*s, -3*z + 35 = s - z. What is the remainder when s is divided by k?
7
Let h be 8/36*3 - 290/(-15). Suppose 0 = -14*r + 15*r - h. Calculate the remainder when r is divided by 6.
2
What is the remainder when 1109 is divided by (-136)/51*(-9)/2 + -6 - -360?
11
Suppose 0 = r - 3*r - 4*d + 150, -3*r = -2*d - 201. Suppose 852 = 79*w - 1761 + 480. What is the remainder when r is divided by w?
15
Suppose 15 = 5*u - 350. Let h = u - 77. Let v(i) = -i**3 - 3*i**2 + 5*i + 15. Calculate the remainder when 85 is divided by v(h).
8
Let w = -2806 - -2955. Let h(b) = -8*b + 1. Let a(p) = p**3 - 7*p**2 - p + 4. Let i be a(7). What is the remainder when w is divided by h(i)?
24
Let d = 244 + -239. Let k(b) = b**3 - 2*b**2 - 6*b + 1. What is the remainder when 275 is divided by k(d)?
45
Let o = 53 - 42. Let w(g) = -g**3 + 25*g**2 - 103*g + 8. Calculate the remainder when w(6) is divided by o.
8
Suppose 4*w - 7*w - 3*d + 45 = 0, -3*d = 2*w - 37. Let s = -648 - -1222. What is the remainder when s is divided by w?
6
Let z(o) = 3*o**3 - 14*o**2 + 16*o - 23. Calculate the remainder when 415 is divided by z(5).
5
Let d(q) = -6*q**2 + 310*q - 149. What is the remainder when 842 is divided by d(51)?
17
Suppose -166*f + 5971 + 8224 = 4069. Let r be (1/2)/((-3)/138). Calculate the remainder when f is divided by -3 - -1 - 1*r.
19
Suppose -73 = -x + 5*j + 30, -2*x - 3*j = -154. Calculate the remainder when 237 is divided by x.
71
Let i = -660 + 344. Let a be 2 - 1/(-1*4/i). Let p = 156 + a. Calculate the rema